{"id":518,"date":"2020-06-30T17:12:18","date_gmt":"2020-06-30T17:12:18","guid":{"rendered":"http:\/\/iso.crenamina.edu.mx\/?page_id=518"},"modified":"2020-06-30T18:10:24","modified_gmt":"2020-06-30T18:10:24","slug":"procedimientos-de-gestion-2","status":"publish","type":"page","link":"https:\/\/iso.crenamina.edu.mx\/index.php\/procedimientos-de-gestion-2\/","title":{"rendered":"Procedimientos de Gesti\u00f3n"},"content":{"rendered":"\t\t<div data-elementor-type=\"wp-page\" data-elementor-id=\"518\" class=\"elementor elementor-518\">\n\t\t\t\t\t\t<section class=\"elementor-section elementor-top-section elementor-element elementor-element-d09eae0 elementor-section-boxed elementor-section-height-default elementor-section-height-default\" data-id=\"d09eae0\" data-element_type=\"section\">\n\t\t\t\t\t\t<div class=\"elementor-container elementor-column-gap-default\">\n\t\t\t\t\t<div class=\"elementor-column elementor-col-100 elementor-top-column elementor-element elementor-element-dd4b42b\" data-id=\"dd4b42b\" data-element_type=\"column\">\n\t\t\t<div class=\"elementor-widget-wrap elementor-element-populated\">\n\t\t\t\t\t\t<div class=\"elementor-element elementor-element-a936274 elementor-widget elementor-widget-heading\" data-id=\"a936274\" data-element_type=\"widget\" data-widget_type=\"heading.default\">\n\t\t\t\t<div class=\"elementor-widget-container\">\n\t\t\t\t\t<h2 class=\"elementor-heading-title elementor-size-default\">Registro de Calidad<\/h2>\t\t\t\t<\/div>\n\t\t\t\t<\/div>\n\t\t\t\t\t<\/div>\n\t\t<\/div>\n\t\t\t\t\t<\/div>\n\t\t<\/section>\n\t\t\t\t<section class=\"elementor-section elementor-top-section elementor-element elementor-element-f9a63ab elementor-section-boxed elementor-section-height-default elementor-section-height-default\" data-id=\"f9a63ab\" data-element_type=\"section\">\n\t\t\t\t\t\t<div class=\"elementor-container elementor-column-gap-default\">\n\t\t\t\t\t<div class=\"elementor-column elementor-col-100 elementor-top-column elementor-element elementor-element-982e0e6\" data-id=\"982e0e6\" data-element_type=\"column\">\n\t\t\t<div class=\"elementor-widget-wrap elementor-element-populated\">\n\t\t\t\t\t\t<div class=\"elementor-element elementor-element-3d912ca elementor-widget elementor-widget-heading\" data-id=\"3d912ca\" data-element_type=\"widget\" data-widget_type=\"heading.default\">\n\t\t\t\t<div class=\"elementor-widget-container\">\n\t\t\t\t\t<h2 class=\"elementor-heading-title elementor-size-default\">Procedimientos de Gesti\u00f3n<\/h2>\t\t\t\t<\/div>\n\t\t\t\t<\/div>\n\t\t\t\t\t<\/div>\n\t\t<\/div>\n\t\t\t\t\t<\/div>\n\t\t<\/section>\n\t\t\t\t<section class=\"elementor-section elementor-top-section elementor-element elementor-element-5c53792 elementor-section-boxed elementor-section-height-default elementor-section-height-default\" data-id=\"5c53792\" data-element_type=\"section\">\n\t\t\t\t\t\t<div class=\"elementor-container elementor-column-gap-default\">\n\t\t\t\t\t<div class=\"elementor-column elementor-col-100 elementor-top-column elementor-element elementor-element-4c367f4\" data-id=\"4c367f4\" data-element_type=\"column\">\n\t\t\t<div class=\"elementor-widget-wrap elementor-element-populated\">\n\t\t\t\t\t\t<div class=\"elementor-element elementor-element-d75bdd8 elementor-widget elementor-widget-shortcode\" data-id=\"d75bdd8\" data-element_type=\"widget\" data-widget_type=\"shortcode.default\">\n\t\t\t\t<div class=\"elementor-widget-container\">\n\t\t\t\t\t\t\t<div class=\"elementor-shortcode\">\n<table id=\"tablepress-8\" class=\"tablepress tablepress-id-8\">\n<thead>\n<tr class=\"row-1\">\n\t<th class=\"column-1\">Nombre<\/th>\n<\/tr>\n<\/thead>\n<tbody class=\"row-striping row-hover\">\n<tr class=\"row-2\">\n\t<td class=\"column-1\"><a href=\"https:\/\/crenamina.edu.mx\/Certificacion_noviembre_2014\/6.Registros_de_calidad\/1.PROCEDIMIENTOS_DE_GESTION\/BITACORA_1.pdf\"\">Bit\u00e1cora 1 .Elaboraci\u00f3n de Documentos<\/a><\/td>\n<\/tr>\n<tr class=\"row-3\">\n\t<td class=\"column-1\"><a href=\"https:\/\/crenamina.edu.mx\/Certificacion_noviembre_2014\/6.Registros_de_calidad\/1.PROCEDIMIENTOS_DE_GESTION\/BITACORA_2.pdf\">Bit\u00e1cora 2. Control de Documentos<\/a><\/td>\n<\/tr>\n<tr class=\"row-4\">\n\t<td class=\"column-1\"><a href=\"https:\/\/crenamina.edu.mx\/Certificacion_noviembre_2014\/6.Registros_de_calidad\/1.PROCEDIMIENTOS_DE_GESTION\/BITACORA_3.pdf\">Bit\u00e1cora 3. Control de Registros de Calidad<\/a><\/td>\n<\/tr>\n<tr class=\"row-5\">\n\t<td class=\"column-1\"><a href=\"https:\/\/crenamina.edu.mx\/Certificacion_noviembre_2014\/6.Registros_de_calidad\/1.PROCEDIMIENTOS_DE_GESTION\/BITACORA_4.pdf\">Bit\u00e1cora 4. Producto No Conforme<\/a><\/td>\n<\/tr>\n<tr class=\"row-6\">\n\t<td class=\"column-1\"><a href=\"https:\/\/crenamina.edu.mx\/Certificacion_noviembre_2014\/6.Registros_de_calidad\/1.PROCEDIMIENTOS_DE_GESTION\/BITACORA_5.pdf\">Bit\u00e1cora 5. Acci\u00f3nes Correctivas Preventivas<\/a><\/td>\n<\/tr>\n<tr class=\"row-7\">\n\t<td class=\"column-1\"><a href=\"https:\/\/crenamina.edu.mx\/Certificacion_noviembre_2014\/6.Registros_de_calidad\/1.PROCEDIMIENTOS_DE_GESTION\/BITACORA_6.pdf\">Bitacora 6 Auditorias de Calidad<\/a><\/td>\n<\/tr>\n<tr class=\"row-8\">\n\t<td class=\"column-1\"><a href=\"https:\/\/crenamina.edu.mx\/Certificacion_noviembre_2014\/6.Registros_de_calidad\/1.PROCEDIMIENTOS_DE_GESTION\/BITACORA_7.pdf\">Bit\u00e1cora 7. Auditorias de Servicio<\/a><\/td>\n<\/tr>\n<tr class=\"row-9\">\n\t<td class=\"column-1\"><a href=\"https:\/\/crenamina.edu.mx\/Certificacion_noviembre_2014\/6.Registros_de_calidad\/1.PROCEDIMIENTOS_DE_GESTION\/BITACORA_8.pdf\">Bit\u00e1cora 8. Aclaraci\u00f3n y Atenci\u00f3n de No Conformidades<\/a><\/td>\n<\/tr>\n<tr class=\"row-10\">\n\t<td class=\"column-1\"><a href=\"https:\/\/crenamina.edu.mx\/Certificacion_noviembre_2014\/6.Registros_de_calidad\/1.PROCEDIMIENTOS_DE_GESTION\/BITACORA_9.pdf\">Bit\u00e1cora 9. Registros de An\u00e1lisis de Riesgos y Oportunidades<\/a><\/td>\n<\/tr>\n<tr class=\"row-11\">\n\t<td class=\"column-1\"><a href=\"https:\/\/crenamina.edu.mx\/Certificacion_noviembre_2014\/6.Registros_de_calidad\/1.PROCEDIMIENTOS_DE_GESTION\/BITACORA_10.pdf\">Bitacora 10. Bit\u00e1cora de Registro de Mejora<\/a><\/td>\n<\/tr>\n<\/tbody>\n<\/table>\n<!-- #tablepress-8 from cache --><\/div>\n\t\t\t\t\t\t<\/div>\n\t\t\t\t<\/div>\n\t\t\t\t\t<\/div>\n\t\t<\/div>\n\t\t\t\t\t<\/div>\n\t\t<\/section>\n\t\t\t\t<\/div>\n\t\t","protected":false},"excerpt":{"rendered":"<p>Registro de Calidad Procedimientos de Gesti\u00f3n<\/p>\n","protected":false},"author":1,"featured_media":0,"parent":0,"menu_order":0,"comment_status":"closed","ping_status":"closed","template":"elementor_header_footer","meta":{"footnotes":""},"class_list":["post-518","page","type-page","status-publish","hentry"],"_links":{"self":[{"href":"https:\/\/iso.crenamina.edu.mx\/index.php\/wp-json\/wp\/v2\/pages\/518","targetHints":{"allow":["GET"]}}],"collection":[{"href":"https:\/\/iso.crenamina.edu.mx\/index.php\/wp-json\/wp\/v2\/pages"}],"about":[{"href":"https:\/\/iso.crenamina.edu.mx\/index.php\/wp-json\/wp\/v2\/types\/page"}],"author":[{"embeddable":true,"href":"https:\/\/iso.crenamina.edu.mx\/index.php\/wp-json\/wp\/v2\/users\/1"}],"replies":[{"embeddable":true,"href":"https:\/\/iso.crenamina.edu.mx\/index.php\/wp-json\/wp\/v2\/comments?post=518"}],"version-history":[{"count":0,"href":"https:\/\/iso.crenamina.edu.mx\/index.php\/wp-json\/wp\/v2\/pages\/518\/revisions"}],"wp:attachment":[{"href":"https:\/\/iso.crenamina.edu.mx\/index.php\/wp-json\/wp\/v2\/media?parent=518"}],"curies":[{"name":"wp","href":"https:\/\/api.w.org\/{rel}","templated":true}]}}